Does 186 divide 15182?
False
Does 67 divide 18476?
False
Is 875 a multiple of 35?
True
Is 89 a factor of 2136?
True
Is 2 a factor of 2659?
False
Does 6 divide 19?
False
Is 12 a factor of 19572?
True
Does 4 divide 6758?
False
Is 6 a factor of 518?
False
Is 6220 a multiple of 21?
False
Is 1740 a multiple of 10?
True
Is 22 a factor of 39248?
True
Is 31 a factor of 480?
False
Does 228 divide 38532?
True
Is 9376 a multiple of 16?
True
Does 3 divide 5715?
True
Does 5 divide 560?
True
Is 15 a factor of 49605?
True
Is 55620 a multiple of 60?
True
Does 48 divide 1248?
True
Is 667 a multiple of 23?
True
Does 3 divide 219?
True
Is 5 a factor of 14389?
False
Does 4 divide 2374?
False
Does 33 divide 73279?
False
Is 1395 a multiple of 18?
False
Is 4 a factor of 700?
True
Is 2584 a multiple of 76?
True
Is 1281 a multiple of 21?
True
Does 26 divide 338?
True
Is 40 a factor of 2023?
False
Is 646 a multiple of 17?
True
Is 506 a multiple of 38?
False
Is 189 a factor of 7749?
True
Does 3 divide 374?
False
Does 49 divide 1862?
True
Does 78 divide 1657?
False
Is 286 a multiple of 27?
False
Is 7304 a multiple of 44?
True
Is 22 a factor of 23316?
False
Is 3 a factor of 194?
False
Is 18 a factor of 1350?
True
Does 14 divide 4553?
False
Is 41584 a multiple of 16?
True
Is 5330 a multiple of 14?
False
Is 5518 a multiple of 62?
True
Does 184 divide 67935?
False
Does 8 divide 298?
False
Is 9563 a multiple of 57?
False
Is 120 a factor of 3360?
True
Is 43 a factor of 31678?
False
Is 19 a factor of 109174?
True
Is 22285 a multiple of 33?
False
Is 17 a factor of 18972?
True
Is 24986 a multiple of 4?
False
Is 43 a factor of 39689?
True
Is 48360 a multiple of 104?
True
Does 7 divide 16967?
False
Is 13702 a multiple of 31?
True
Is 286 a factor of 22538?
False
Is 6 a factor of 435?
False
Is 12 a factor of 24?
True
Does 97 divide 738?
False
Does 63 divide 1512?
True
Is 84 a multiple of 14?
True
Is 14 a factor of 8243?
False
Is 5 a factor of 2452?
False
Does 20 divide 2800?
True
Is 8174 a multiple of 134?
True
Is 12803 a multiple of 11?
False
Does 31 divide 59274?
False
Does 41 divide 36359?
False
Is 31504 a multiple of 15?
False
Does 20 divide 83763?
False
Is 6 a factor of 21582?
True
Is 105 a multiple of 21?
True
Is 190 a multiple of 10?
True
Does 48 divide 76992?
True
Is 4200 a multiple of 56?
True
Is 119 a factor of 6188?
True
Does 33 divide 7339?
False
Is 44 a factor of 1080?
False
Does 24 divide 50177?
False
Is 15677 a multiple of 62?
False
Does 156 divide 4992?
True
Does 24 divide 57629?
False
Does 23 divide 3335?
True
Is 28012 a multiple of 104?
False
Is 558 a multiple of 18?
True
Does 9 divide 3311?
False
Does 14 divide 609?
False
Is 58 a factor of 117909?
False
Is 72 a factor of 72?
True
Does 528 divide 81312?
True
Is 4625 a multiple of 125?
True
Is 35 a factor of 8295?
True
Does 71 divide 640?
False
Is 7 a factor of 453?
False
Is 30 a factor of 2963?
False
Is 31 a factor of 1300?
False
Is 29 a factor of 4988?
True
Is 9300 a multiple of 60?
True
Is 5 a factor of 41?
False
Does 248 divide 89627?
False
Is 18 a factor of 631?
False
Does 15 divide 4965?
True
Is 25 a factor of 14500?
True
Is 288 a multiple of 16?
True
Is 17 a factor of 4386?
True
Is 3054 a multiple of 66?
False
Does 14 divide 195?
False
Does 13 divide 4292?
False
Is 9253 a multiple of 3?
False
Is 3425 a multiple of 121?
False
Is 86 a factor of 2150?
True
Does 73 divide 9198?
True
Is 4868 a multiple of 57?
False
Is 672 even?
True
Does 31 divide 83049?
True
Is 6 a factor of 134?
False
Is 42054 a multiple of 129?
True
Is 18 a factor of 683?
False
Is 13 a factor of 2184?
True
Does 67 divide 22984?
False
Does 223 divide 36349?
True
Does 10 divide 21690?
True
Does 18 divide 5850?
True
Is 18 a factor of 939?
False
Is 2805 a multiple of 85?
True
Is 55 a factor of 3300?
True
Does 14 divide 2422?
True
Is 2250 a multiple of 11?
False
Is 384 a multiple of 11?
False
Is 9 a factor of 1920?
False
Is 33 a multiple of 3?
True
Is 1572 a multiple of 2?
True
Is 45 a factor of 23467?
False
Is 8976 a multiple of 70?
False
Is 33 a factor of 41085?
True
Is 11916 a multiple of 9?
True
Does 13 divide 5434?
True
Does 21 divide 699?
False
Is 47 a multiple of 16?
False
Is 14 a factor of 1176?
True
Is 3612 a multiple of 43?
True
Is 28 a factor of 3163?
False
Is 58 a factor of 870?
True
Is 1057 a multiple of 23?
False
Is 3 a factor of 2241?
True
Is 37380 a multiple of 60?
True
Is 8 a factor of 604?
False
Is 20670 a multiple of 89?
False
Is 12 a factor of 2440?
False
Does 36 divide 3899?
False
Does 181 divide 4643?
False
Is 76 a factor of 2356?
True
Is 90755 a multiple of 217?
False
Is 13 a factor of 116021?
False
Does 10 divide 8946?
False
Is 3 a factor of 74?
False
Is 13 a factor of 1157?
True
Does 35 divide 35?
True
Does 6 divide 108?
True
Is 288 a multiple of 16?
True
Does 94 divide 2820?
True
Does 25 divide 400?
True
Is 16979 a multiple of 211?
False
Is 4531 a multiple of 13?
False
Is 229 a multiple of 26?
False
Is 58370 a multiple of 130?
True
Is 19 a factor of 646?
True
Is 6516 a multiple of 13?
False
Is 19 a factor of 532?
True
Is 8 a factor of 547?
False
Is 5 a factor of 171?
False
Is 51 a factor of 6732?
True
Is 272 even?
True
Does 3 divide 514?
False
Is 11070 a multiple of 18?
True
Is 310 a multiple of 62?
True
Does 10 divide 1149?
False
Is 7452 a multiple of 27?
True
Is 14 a factor of 1363?
False
Does 6 divide 144?
True
Is 28 a factor of 627?
False
Is 545 a multiple of 16?
False
Does 11 divide 932?
False
Is 212 a multiple of 49?
False
Does 11 divide 693?
True
Is 14 a factor of 551?
False
Is 3909 a multiple of 14?
False
Is 5 a factor of 210?
True
Is 3964 a multiple of 35?
False
Is 13941 a multiple of 42?
False
Does 82 divide 984?
True
Does 15 divide 115?
False
Does 16 divide 848?
True
Is 1647 a multiple of 61?
True
Does 13 divide 2301?
True
Is 150 a factor of 2250?
True
Does 19 divide 304?
True
Does 47 divide 7144?
True
Does 99 divide 15246?
True
Is 61 a factor of 12261?
True
Is 133 a factor of 55461?
True
Is 16 a factor of 976?
True
Is 15 a factor of 162?
False
Is 297 a multiple of 26?
False
Is 322 a factor of 39276?
False
Is 18522 a multiple of 42?
True
Is 28728 a multiple of 42?
True
Is 6110 a multiple of 94?
True
Does 70 divide 5040?
True
Is 24 a factor of 2330?
False
Is 1706 a multiple of 12?
False
Is 11 a factor of 305?
False
Is 686 even?
True
Does 22 divide 1635?
False
Does 223 divide 24080?
False
Does 65 divide 81908?
False
Is 4 a factor of 33581?
False
Is 22 a factor of 12764?
False
Does 64 divide 3656?
False
Is 1804 a multiple of 82?
True
Is 34 a factor of 2040?
True
Is 55 a factor of 10118?
False
Does 72 divide 103?
False
Is 826 a multiple of 7?
True
Does 8 divide 555?
False
Is 7 a factor of 35?
True
Does 20 divide 7260?
True
Does 11 divide 2696?
False
Is 23639 a multiple of 20?
False
Does 3 divide 701?
False
Is 137 a multiple of 2?
False
Is 3050 a multiple of 5?
True
Is 242 a factor of 5367?
False
Is 946 a multiple of 43?
True
Is 1092 a multiple of 78?
True
Is 23 a factor of 2047?
True
Does 20 divide 1810?
False
Is 4968 a multiple of 5?
False
Does 62 divide 1116?
True
Does 109 divide 654?
True
Is 1245 a multiple of 32?
False
Does 62 divide 763?
False
Does 14 divide 658?
True
Does 67 divide 4306?
False
Does 8 divide 240?
True
Is 5 a factor of 135?
True
Is 114 a factor of 20862?
True
Is 3 a factor of 13604?
False
Is 504 a multiple of 12?
True
Is 1709 a multiple of 63?
False
Is 22620 a multiple of 26?
True
Does 6 divide 6345?
False
Is 61302 a multiple of 34?
True
Does 15 divide 17512?
False
Is 76830 a multiple of 195?
True
Is 1301 a multiple of 9?
False
Does 8 divide 416?
True
Does 12 divide 19282?
False
Does 8 divide 76?
False
Is 4475 a multiple of 19?
False
Is 3 a factor of 111?
True
Is 7 a factor of 2282?
True
Does 16 divide 6160?
True
Is 3 a factor of 30?
True
Does 84 divide 5544?
True
Does 66 divide 6901?
False
Does 13 divide 257?
False
Is 2860 a multiple of 44?
True
Does 9 divide 24534?
True
Does 18 divide 428?
False
Is 165 a multiple of 33?
True
Is 505 a multiple of 13?
False
Does 12 divide 1700?
False
Is 1332 a multiple of 46?
False
Is 132 a factor of 7202?
False
Does 61 divide 49764?
False
Is 141714 a multiple of 18?
True
Is 35675 a multiple of 12?
False
Does 52 divide 7237?
False
Does 7 divide 28244?
False
I